f 12102046?
6
What is the billions digit of 1811925541?
1
What is the ten thousands digit of 85949375?
4
What is the millions digit of 1336665908?
6
What is the ten thousands digit of 195411964?
1
What is the units digit of 66719410?
0
What is the ten millions digit of 6012895812?
1
What is the ten thousands digit of 1579954331?
5
What is the hundred thousands digit of 21614251?
6
What is the millions digit of 25942891?
5
What is the billions digit of 6342193965?
6
What is the ten thousands digit of 641815446?
1
What is the billions digit of 3870398958?
3
What is the thousands digit of 20638105?
8
What is the ten thousands digit of 713722574?
2
What is the hundred millions digit of 1212445738?
2
What is the ten thousands digit of 32394720?
9
What is the units digit of 692693693?
3
What is the units digit of 600572740?
0
What is the hundred thousands digit of 5620965674?
9
What is the hundreds digit of 100599814?
8
What is the ten thousands digit of 12590623?
9
What is the millions digit of 568167308?
8
What is the hundred thousands digit of 270363419?
3
What is the hundreds digit of 26817594?
5
What is the millions digit of 43700626?
3
What is the ten thousands digit of 6391497?
9
What is the hundred thousands digit of 210479286?
4
What is the units digit of 176455402?
2
What is the millions digit of 6311437?
6
What is the billions digit of 4340034264?
4
What is the hundreds digit of 917180731?
7
What is the tens digit of 9746656?
5
What is the millions digit of 84305221?
4
What is the units digit of 1927024820?
0
What is the units digit of 333780452?
2
What is the thousands digit of 703737734?
7
What is the ten thousands digit of 197298927?
9
What is the hundred thousands digit of 440561729?
5
What is the billions digit of 1436852107?
1
What is the hundred millions digit of 125425322?
1
What is the millions digit of 57483570?
7
What is the hundreds digit of 78019049?
0
What is the tens digit of 116259392?
9
What is the hundred millions digit of 3209606361?
2
What is the ten millions digit of 320961768?
2
What is the thousands digit of 86208305?
8
What is the millions digit of 90732950?
0
What is the hundred millions digit of 794497779?
7
What is the hundreds digit of 141225452?
4
What is the tens digit of 52155954?
5
What is the thousands digit of 5143121022?
1
What is the millions digit of 345884336?
5
What is the ten thousands digit of 1032395886?
9
What is the ten thousands digit of 41387713?
8
What is the hundred thousands digit of 699871292?
8
What is the billions digit of 1992345030?
1
What is the hundred millions digit of 1429876330?
4
What is the tens digit of 12178549?
4
What is the hundred thousands digit of 7464538302?
5
What is the millions digit of 384452443?
4
What is the tens digit of 108824810?
1
What is the units digit of 97380433?
3
What is the units digit of 38573783?
3
What is the thousands digit of 9125786?
5
What is the ten thousands digit of 5241282?
4
What is the tens digit of 43254251?
5
What is the ten thousands digit of 113822705?
2
What is the hundred millions digit of 215918167?
2
What is the tens digit of 144878989?
8
What is the thousands digit of 1667418187?
8
What is the hundreds digit of 298996000?
0
What is the ten thousands digit of 25226755?
2
What is the thousands digit of 132126805?
6
What is the hundreds digit of 87635744?
7
What is the hundreds digit of 60275195?
1
What is the ten thousands digit of 1021729985?
2
What is the hundred millions digit of 253547259?
2
What is the hundreds digit of 2493536291?
2
What is the hundred millions digit of 115362515?
1
What is the ten thousands digit of 2429721?
2
What is the ten millions digit of 270910074?
7
What is the units digit of 590951307?
7
What is the hundreds digit of 43710119?
1
What is the ten millions digit of 888401569?
8
What is the ten millions digit of 334440398?
3
What is the thousands digit of 33155093?
5
What is the tens digit of 55261534?
3
What is the tens digit of 249211162?
6
What is the ten thousands digit of 458514510?
1
What is the ten millions digit of 59981652?
5
What is the hundred millions digit of 1072919661?
0
What is the units digit of 38439469?
9
What is the hundreds digit of 42158023?
0
What is the tens digit of 202873250?
5
What is the tens digit of 1913370176?
7
What is the millions digit of 128318586?
8
What is the tens digit of 73688814?
1
What is the ten thousands digit of 86729370?
2
What is the ten millions digit of 1177407852?
7
What is the tens digit of 720485037?
3
What is the units digit of 37879081?
1
What is the units digit of 162415047?
7
What is the thousands digit of 27471649?
1
What is the units digit of 5440659925?
5
What is the ten millions digit of 874188508?
7
What is the hundred millions digit of 7516326062?
5
What is the hundred thousands digit of 1189714872?
7
What is the thousands digit of 78066399?
6
What is the thousands digit of 45574736?
4
What is the hundred millions digit of 552448687?
5
What is the ten thousands digit of 413090707?
9
What is the ten millions digit of 723877989?
2
What is the units digit of 12744926?
6
What is the millions digit of 1891369854?
1
What is the billions digit of 1865256140?
1
What is the ten millions digit of 460470728?
6
What is the millions digit of 318129862?
8
What is the hundreds digit of 224858496?
4
What is the ten millions digit of 107894721?
0
What is the thousands digit of 31034959?
4
What is the ten thousands digit of 234079590?
7
What is the units digit of 486576490?
0
What is the hundreds digit of 1379597612?
6
What is the hundreds digit of 35231439?
4
What is the billions digit of 1273375996?
1
What is the ten millions digit of 480795836?
8
What is the ten millions digit of 446129320?
4
What is the ten thousands digit of 221905557?
0
What is the thousands digit of 687844136?
4
What is the ten thousands digit of 205105922?
0
What is the units digit of 13001821?
1
What is the ten thousands digit of 248117586?
1
What is the billions digit of 3143622420?
3
What is the hundred thousands digit of 81993097?
9
What is the hundred thousands digit of 534321?
5
What is the ten thousands digit of 510001832?
0
What is the millions digit of 2166273130?
6
What is the tens digit of 266193500?
0
What is the hundred millions digit of 139689294?
1
What is the hundred thousands digit of 730824534?
8
What is the hundred millions digit of 134813522?
1
What is the thousands digit of 5865508?
5
What is the ten thousands digit of 227177534?
7
What is the millions digit of 666665706?
6
What is the units digit of 740089670?
0
What is the hundred thousands digit of 64005877?
0
What is the hundreds digit of 33616813?
8
What is the hundred thousands digit of 52536720?
5
What is the tens digit of 2595205502?
0
What is the billions digit of 2522339061?
2
What is the ten millions digit of 2683042789?
8
What is the ten millions digit of 28567297?
2
What is the millions digit of 407957504?
7
What is the units digit of 59819605?
5
What is the tens digit of 195947833?
3
What is the hundred millions digit of 1922600213?
9
What is the ten millions digit of 1936360463?
3
What is the tens digit of 231320485?
8
What is the hundred thousands digit of 45044128?
0
What is the hundred thousands digit of 126726615?
7
What is the hundred thousands digit of 1984848024?
8
What is the ten thousands digit of 12626568?
2
What is the millions digit of 1112108708?
2
What is the hundred thousands digit of 80458197?
4
What is the hundred thousands digit of 737557562?
5
What is the millions digit of 2044485501?
4
What is the ten thousands digit of 1283804160?
0
What is the hundreds digit of 58146802?
8
What is the hundred thousands digit of 2979874161?
8
What is the thousands digit of 11091159?
1
What is the thousands digit of 24587272?
7
What is the ten thousands digit of 1997137121?
3
What is the hundred millions digit of 2243154581?
2
What is the units digit of 772448017?
7
What is the thousands digit of 87740220?
0
What is the thousands digit of 390826585?
6
What is the ten millions digit of 760999127?
6
What is the ten millions digit of 27865364?
2
What is the ten millions digit of 137490914?
3
What is the thousands digit of 14720867?
0
What is the ten thousands digit of 136344625?
4
What is the ten th